ulate the greatest common factor of 19 and 6479.
19
What is the greatest common divisor of 52 and 4?
4
What is the highest common divisor of 680 and 1780?
20
Calculate the highest common divisor of 46 and 26542.
46
What is the greatest common factor of 329 and 47?
47
Calculate the greatest common factor of 20 and 50.
10
Calculate the highest common factor of 86 and 45967.
43
Calculate the highest common factor of 166 and 18675.
83
Calculate the highest common factor of 781 and 44.
11
What is the highest common divisor of 22544 and 16?
16
What is the greatest common factor of 300 and 120?
60
What is the highest common factor of 7272 and 576?
72
What is the highest common factor of 4 and 892?
4
What is the greatest common factor of 4 and 1094?
2
Calculate the highest common factor of 364 and 52.
52
What is the highest common factor of 90 and 150?
30
What is the highest common divisor of 810 and 18?
18
What is the greatest common factor of 286 and 22?
22
What is the greatest common factor of 60 and 14316?
12
Calculate the highest common divisor of 252 and 56.
28
Calculate the greatest common factor of 8 and 1156.
4
What is the highest common divisor of 6519 and 1113?
159
Calculate the greatest common factor of 230 and 30.
10
What is the highest common factor of 3956 and 92?
92
What is the greatest common divisor of 14 and 322?
14
What is the highest common divisor of 504 and 238?
14
Calculate the greatest common factor of 7832 and 704.
88
What is the highest common divisor of 64 and 80?
16
What is the greatest common factor of 3111 and 102?
51
Calculate the highest common factor of 1188 and 44.
44
Calculate the greatest common factor of 16 and 296.
8
What is the highest common factor of 1 and 4663?
1
Calculate the highest common divisor of 135 and 6345.
135
Calculate the highest common divisor of 14 and 4564.
14
Calculate the greatest common factor of 1970 and 10.
10
What is the greatest common divisor of 25 and 65?
5
Calculate the highest common factor of 98 and 5929.
49
What is the greatest common divisor of 64 and 2?
2
Calculate the highest common divisor of 234 and 1080.
18
Calculate the highest common factor of 799 and 47.
47
Calculate the greatest common divisor of 17790 and 30.
30
Calculate the greatest common factor of 12445 and 665.
95
What is the greatest common factor of 170 and 1054?
34
What is the greatest common divisor of 68 and 36142?
34
Calculate the highest common divisor of 31 and 155.
31
Calculate the highest common factor of 693 and 77.
77
What is the highest common factor of 16 and 400?
16
What is the highest common factor of 55 and 25?
5
What is the highest common factor of 539 and 14?
7
What is the highest common factor of 30 and 351?
3
What is the greatest common divisor of 891 and 429?
33
What is the greatest common divisor of 20 and 100?
20
Calculate the highest common divisor of 15 and 3495.
15
Calculate the highest common divisor of 57 and 76.
19
Calculate the highest common divisor of 1 and 90.
1
What is the highest common factor of 750 and 10?
10
Calculate the highest common divisor of 8 and 32.
8
Calculate the highest common factor of 34 and 9.
1
What is the greatest common factor of 2016 and 4?
4
Calculate the highest common divisor of 10 and 8090.
10
Calculate the highest common divisor of 24 and 984.
24
What is the highest common factor of 1920 and 72?
24
What is the greatest common factor of 44 and 1111?
11
What is the highest common divisor of 168 and 6816?
24
Calculate the greatest common factor of 9207 and 55.
11
Calculate the greatest common factor of 160 and 870.
10
What is the greatest common divisor of 3825 and 21?
3
What is the highest common factor of 5075 and 29?
29
What is the greatest common divisor of 18045 and 45?
45
Calculate the highest common factor of 534 and 3.
3
Calculate the highest common factor of 549 and 9.
9
Calculate the highest common factor of 31 and 1457.
31
What is the highest common factor of 36 and 774?
18
Calculate the highest common divisor of 3164 and 252.
28
What is the greatest common divisor of 321 and 3?
3
Calculate the greatest common divisor of 75 and 1290.
15
Calculate the highest common factor of 186 and 310.
62
Calculate the greatest common factor of 45 and 435.
15
Calculate the greatest common divisor of 20 and 80.
20
Calculate the highest common factor of 10 and 390.
10
What is the highest common factor of 261 and 81?
9
What is the greatest common divisor of 10944 and 1140?
228
What is the greatest common factor of 341 and 1333?
31
What is the highest common divisor of 122 and 8662?
122
What is the greatest common divisor of 441 and 63?
63
Calculate the highest common factor of 66 and 69.
3
Calculate the greatest common factor of 120 and 88.
8
What is the greatest common divisor of 22 and 1408?
22
Calculate the greatest common factor of 96 and 204.
12
What is the greatest common divisor of 144 and 180?
36
What is the greatest common divisor of 250 and 400?
50
Calculate the greatest common factor of 12 and 2724.
12
Calculate the greatest common divisor of 9782 and 134.
134
What is the greatest common factor of 52 and 1287?
13
Calculate the highest common divisor of 231 and 63.
21
What is the greatest common divisor of 6345 and 1645?
235
What is the highest common factor of 97 and 10?
1
Calculate the highest common factor of 385 and 154.
77
What is the highest common factor of 20492 and 47?
47
Calculate the greatest common divisor of 91 and 1400.
7
What is the greatest common factor of 900 and 1236?
12
What is the greatest common factor of 588 and 48?
12
Calculate the highest common divisor of 41483 and 13.
13
What is the highest common factor of 253 and 23?
23
What is the greatest common factor of 414 and 46?
46
Calculate the greatest common factor of 5178 and 6.
6
Calculate the highest common divisor of 34 and 357.
17
What is the highest common factor of 65 and 225?
5
What is the greatest common divisor of 30 and 4908?
6
Calculate the highest common divisor of 24 and 176.
8
What is the greatest common factor of 63 and 14?
7
Calculate the greatest common divisor of 48 and 36.
12
What is the highest common divisor of 26 and 12389?
13
What is the greatest common factor of 28 and 2506?
14
Calculate the greatest common divisor of 1555 and 4043.
311
What is the highest common factor of 57 and 3?
3
What is the highest common divisor of 210 and 37590?
210
Calculate the greatest common factor of 1196 and 276.
92
What is the greatest common divisor of 4214 and 196?
98
What is the greatest common factor of 1111 and 11?
11
What is the highest common factor of 2919 and 42?
21
Calculate the highest common factor of 60 and 185.
5
What is the greatest common divisor of 2964 and 468?
156
What is the highest common factor of 2107 and 129?
43
Calculate the greatest common factor of 20 and 128.
4
Calculate the highest common divisor of 150 and 840.
30
Calculate the highest common divisor of 680 and 120.
40
What is the greatest common divisor of 7 and 1043?
7
Calculate the greatest common divisor of 57 and 114.
57
What is the highest common factor of 40 and 120?
40
Calculate the highest common factor of 370 and 9694.
74
What is the highest common factor of 1531 and 8?
1
Calculate the greatest common divisor of 240 and 48.
48
What is the greatest common divisor of 100 and 60?
20
Calculate the highest common factor of 56 and 301.
7
Calculate the greatest common factor of 40 and 130.
10
What is the highest common divisor of 12 and 2610?
6
Calculate the greatest common divisor of 1519 and 124.
31
What is the highest common divisor of 22378 and 167?
167
Calculate the highest common factor of 56 and 308.
28
Calculate the greatest common divisor of 360 and 520.
40
What is the greatest common divisor of 35 and 2667?
7
What is the highest common divisor of 4 and 34?
2
Calculate the highest common factor of 15 and 845.
5
Calculate the greatest common divisor of 40 and 8.
8
What is the highest common factor of 189 and 81?
27
What is the highest common divisor of 24 and 72?
24
Calculate the highest common factor of 4411 and 11.
11
What is the greatest common factor of 2000 and 20?
20
Calculate the greatest common factor of 2695 and 49.
49
Calculate the greatest common factor of 308 and 448.
28